7 is divided by 70.
67
What is the remainder when 112763 is divided by 19?
17
What is the remainder when 6455 is divided by 467?
384
Calculate the remainder when 147968 is divided by 614.
608
Calculate the remainder when 96627 is divided by 379.
361
What is the remainder when 38164 is divided by 1004?
12
What is the remainder when 30672 is divided by 1460?
12
What is the remainder when 7726 is divided by 1541?
21
What is the remainder when 1582 is divided by 581?
420
Calculate the remainder when 76705 is divided by 335.
325
What is the remainder when 10880 is divided by 2679?
164
Calculate the remainder when 4481 is divided by 494.
35
Calculate the remainder when 2401 is divided by 394.
37
What is the remainder when 496 is divided by 129?
109
Calculate the remainder when 469324 is divided by 41.
38
What is the remainder when 623530 is divided by 31?
27
What is the remainder when 690775 is divided by 1985?
1980
Calculate the remainder when 4779 is divided by 2389.
1
What is the remainder when 11007 is divided by 46?
13
Calculate the remainder when 24605 is divided by 24586.
19
What is the remainder when 56925 is divided by 32?
29
Calculate the remainder when 108343 is divided by 109.
106
What is the remainder when 4854 is divided by 13?
5
Calculate the remainder when 4304 is divided by 391.
3
What is the remainder when 6760 is divided by 87?
61
What is the remainder when 105438 is divided by 917?
900
What is the remainder when 322365 is divided by 2904?
21
Calculate the remainder when 1311 is divided by 581.
149
What is the remainder when 287399 is divided by 79?
76
What is the remainder when 62679 is divided by 180?
39
What is the remainder when 3789 is divided by 1034?
687
Calculate the remainder when 1245 is divided by 143.
101
What is the remainder when 19513 is divided by 1392?
25
What is the remainder when 61018 is divided by 292?
282
Calculate the remainder when 151276 is divided by 20.
16
What is the remainder when 261658 is divided by 210?
208
Calculate the remainder when 64188 is divided by 32093.
2
What is the remainder when 3256 is divided by 1603?
50
Calculate the remainder when 7310 is divided by 1453.
45
What is the remainder when 795 is divided by 132?
3
What is the remainder when 21641 is divided by 4326?
11
Calculate the remainder when 729036 is divided by 15.
6
What is the remainder when 15543 is divided by 43?
20
What is the remainder when 647553 is divided by 107?
96
Calculate the remainder when 10388 is divided by 1000.
388
What is the remainder when 3523 is divided by 76?
27
Calculate the remainder when 3149 is divided by 569.
304
What is the remainder when 13215 is divided by 127?
7
Calculate the remainder when 1141 is divided by 328.
157
Calculate the remainder when 82946 is divided by 289.
3
Calculate the remainder when 19801 is divided by 456.
193
Calculate the remainder when 1966 is divided by 48.
46
What is the remainder when 353639 is divided by 302?
299
Calculate the remainder when 3129 is divided by 89.
14
What is the remainder when 726709 is divided by 19?
16
Calculate the remainder when 6583 is divided by 730.
13
Calculate the remainder when 79430 is divided by 19824.
134
What is the remainder when 10760 is divided by 5330?
100
What is the remainder when 22610 is divided by 3766?
14
What is the remainder when 1909 is divided by 393?
337
Calculate the remainder when 9385087 is divided by 143.
140
Calculate the remainder when 11529 is divided by 2879.
13
Calculate the remainder when 10458 is divided by 180.
18
Calculate the remainder when 401818 is divided by 370.
368
Calculate the remainder when 6213 is divided by 6.
3
What is the remainder when 2588 is divided by 207?
104
What is the remainder when 870 is divided by 363?
144
What is the remainder when 5132 is divided by 862?
822
What is the remainder when 17550 is divided by 418?
412
Calculate the remainder when 94636 is divided by 228.
16
What is the remainder when 8068 is divided by 4016?
36
Calculate the remainder when 42230 is divided by 3015.
20
Calculate the remainder when 160961 is divided by 15.
11
What is the remainder when 396510 is divided by 49562?
14
Calculate the remainder when 604486 is divided by 24.
22
What is the remainder when 934449 is divided by 22?
21
Calculate the remainder when 19670 is divided by 787.
782
What is the remainder when 38594 is divided by 6432?
2
What is the remainder when 29816 is divided by 359?
19
Calculate the remainder when 725463 is divided by 71.
56
Calculate the remainder when 93264 is divided by 31084.
12
Calculate the remainder when 7130 is divided by 6858.
272
What is the remainder when 2560 is divided by 22?
8
Calculate the remainder when 264807 is divided by 746.
723
Calculate the remainder when 52906 is divided by 299.
282
What is the remainder when 4701 is divided by 30?
21
What is the remainder when 469111 is divided by 93815?
36
What is the remainder when 40397 is divided by 10096?
13
Calculate the remainder when 27656 is divided by 446.
4
Calculate the remainder when 95432 is divided by 52.
12
Calculate the remainder when 9375 is divided by 4615.
145
Calculate the remainder when 796929 is divided by 392.
385
Calculate the remainder when 15961 is divided by 61.
40
What is the remainder when 256604 is divided by 864?
860
Calculate the remainder when 1763686 is divided by 1032.
1030
Calculate the remainder when 11932 is divided by 221.
219
What is the remainder when 65352 is divided by 33?
12
Calculate the remainder when 5294 is divided by 2625.
44
Calculate the remainder when 26024 is divided by 394.
20
Calculate the remainder when 2764 is divided by 73.
63
Calculate the remainder when 1556 is divided by 1533.
23
Calculate the remainder when 16510 is divided by 4125.
10
What is the remainder when 19103 is divided by 1737?
1733
Calculate the remainder when 12243 is divided by 78.
75
Calculate the remainder when 2868 is divided by 362.
334
What is the remainder when 4064 is divided by 101?
24
What is the remainder when 1123 is divided by 352?
67
What is the remainder when 20214 is divided by 85?
69
What is the remainder when 1893 is divided by 203?
66
Calculate the remainder when 314803 is divided by 19674.
19
What is the remainder when 3871 is divided by 181?
70
Calculate the remainder when 21829 is divided by 26.
15
What is the remainder when 66645 is divided by 16658?
13
What is the remainder when 6572 is divided by 718?
110
Calculate the remainder when 5161769 is divided by 1081.
1075
What is the remainder when 24047 is divided by 7985?
92
What is the remainder when 10243 is divided by 219?
169
What is the remainder when 2969691 is divided by 259?
256
What is the remainder when 2875 is divided by 660?
235
What is the remainder when 6518 is divided by 5186?
1332
What is the remainder when 2635049 is divided by 150?
149
What is the remainder when 11870 is divided by 198?
188
Calculate the remainder when 22405 is divided by 5601.
1
What is the remainder when 40926 is divided by 585?
561
Calculate the remainder when 2784 is divided by 692.
16
Calculate the remainder when 8773 is divided by 515.
18
Calculate the remainder when 14499 is divided by 842.
185
Calculate the remainder when 21706 is divided by 10842.
22
Calculate the remainder when 1680930 is divided by 210115.
10
What is the remainder when 1226 is divided by 578?
70
Calculate the remainder when 4275 is divided by 2010.
255
Calculate the remainder when 750643 is divided by 1268.
1255
Calculate the remainder when 10336 is divided by 1867.
1001
What is the remainder when 5548 is divided by 460?
28
Calculate the remainder when 83127 is divided by 326.
323
What is the remainder when 12752 is divided by 730?
342
Calculate the remainder when 52381 is divided by 8.
5
Calculate the remainder when 8193 is divided by 5.
3
What is the remainder when 143009 is divided by 118?
111
Calculate the remainder when 38434 is divided by 8.
2
What is the remainder when 54446 is divided by 54446?
0
Calculate the remainder when 107007 is divided by 229.
64
What is the remainder when 1964 is divided by 1957?
7
Calculate the remainder when 15026 is divided by 3001.
21
What is the remainder when 671 is divided by 12?
11
What is the remainder when 9559 is divided by 291?
24